{"id":2192,"date":"2021-07-22T05:04:51","date_gmt":"2021-07-22T03:04:51","guid":{"rendered":"http:\/\/www2.nalsmargreid.com\/larchitettura-del-vino\/"},"modified":"2023-02-08T12:59:04","modified_gmt":"2023-02-08T11:59:04","slug":"weinarchitektur","status":"publish","type":"page","link":"https:\/\/www.nalsmargreid.com\/de\/kellerei\/weinarchitektur\/","title":{"rendered":"Weinarchitektur"},"content":{"rendered":"\n<p><strong>Projektant:<\/strong> <strong><em>Architekt Markus Scherer, Meran<\/em><\/strong><\/p>\n\n\n\n<p>Rotbraune Sichtbetonw\u00e4nde ragen bis zu neun Metern in den Himmel. Gro\u00df und m\u00e4chtig wie die Porphyr- Felsen im Hintergrund, denen die Farbe entlehnt wurde. Dazwischen der Barrique-Keller, \u00fcberspannt von einem gewaltigen, asymmetrisch gefalteten Dach. Damit nutzen wir nicht nur die Gravitation f\u00fcr die schonende Weinbereitung, sondern erz\u00e4hlen auch nach au\u00dfen hin sichtbar Geschichten \u00fcber die Eigenheiten unserer Weine und die Philosophie unserer Kellerei.<\/p>\n","protected":false},"excerpt":{"rendered":"<p>Projektant: Architekt Markus Scherer, Meran Rotbraune Sichtbetonw\u00e4nde ragen bis zu neun Metern in den Himmel. Gro\u00df und m\u00e4chtig wie die Porphyr- Felsen im Hintergrund, denen die Farbe entlehnt wurde. Dazwischen der Barrique-Keller, \u00fcberspannt von einem gewaltigen, asymmetrisch gefalteten Dach. Damit nutzen wir nicht nur die Gravitation f\u00fcr die schonende Weinbereitung, sondern erz\u00e4hlen auch nach au\u00dfen [&hellip;]<\/p>\n","protected":false},"author":1,"featured_media":9898,"parent":2198,"menu_order":0,"comment_status":"closed","ping_status":"closed","template":"template\/architecture.php","meta":{"_acf_changed":false,"footnotes":""},"class_list":["post-2192","page","type-page","status-publish","has-post-thumbnail","hentry"],"acf":[],"yoast_head":"<!-- This site is optimized with the Yoast SEO plugin v23.1 - https:\/\/yoast.com\/wordpress\/plugins\/seo\/ -->\n<title>Weinarchitektur - Nals Margreid<\/title>\n<meta name=\"robots\" content=\"index, follow, max-snippet:-1, max-image-preview:large, max-video-preview:-1\" \/>\n<link rel=\"canonical\" href=\"https:\/\/www.nalsmargreid.com\/de\/kellerei\/weinarchitektur\/\" \/>\n<meta property=\"og:locale\" content=\"de_DE\" \/>\n<meta property=\"og:type\" content=\"article\" \/>\n<meta property=\"og:title\" content=\"Weinarchitektur - Nals Margreid\" \/>\n<meta property=\"og:description\" content=\"Projektant: Architekt Markus Scherer, Meran Rotbraune Sichtbetonw\u00e4nde ragen bis zu neun Metern in den Himmel. Gro\u00df und m\u00e4chtig wie die Porphyr- Felsen im Hintergrund, denen die Farbe entlehnt wurde. Dazwischen der Barrique-Keller, \u00fcberspannt von einem gewaltigen, asymmetrisch gefalteten Dach. Damit nutzen wir nicht nur die Gravitation f\u00fcr die schonende Weinbereitung, sondern erz\u00e4hlen auch nach au\u00dfen [&hellip;]\" \/>\n<meta property=\"og:url\" content=\"https:\/\/www.nalsmargreid.com\/de\/kellerei\/weinarchitektur\/\" \/>\n<meta property=\"og:site_name\" content=\"Nals Margreid\" \/>\n<meta property=\"article:modified_time\" content=\"2023-02-08T11:59:04+00:00\" \/>\n<meta property=\"og:image\" content=\"https:\/\/www.nalsmargreid.com\/wp-content\/uploads\/2023\/01\/Winery-Achitettura-Header.jpg\" \/>\n\t<meta property=\"og:image:width\" content=\"1583\" \/>\n\t<meta property=\"og:image:height\" content=\"1080\" \/>\n\t<meta property=\"og:image:type\" content=\"image\/jpeg\" \/>\n<meta name=\"twitter:card\" content=\"summary_large_image\" \/>\n<script type=\"application\/ld+json\" class=\"yoast-schema-graph\">{\"@context\":\"https:\/\/schema.org\",\"@graph\":[{\"@type\":\"WebPage\",\"@id\":\"https:\/\/www.nalsmargreid.com\/de\/kellerei\/weinarchitektur\/\",\"url\":\"https:\/\/www.nalsmargreid.com\/de\/kellerei\/weinarchitektur\/\",\"name\":\"Weinarchitektur - Nals Margreid\",\"isPartOf\":{\"@id\":\"https:\/\/www.nalsmargreid.com\/de\/#website\"},\"primaryImageOfPage\":{\"@id\":\"https:\/\/www.nalsmargreid.com\/de\/kellerei\/weinarchitektur\/#primaryimage\"},\"image\":{\"@id\":\"https:\/\/www.nalsmargreid.com\/de\/kellerei\/weinarchitektur\/#primaryimage\"},\"thumbnailUrl\":\"https:\/\/www.nalsmargreid.com\/wp-content\/uploads\/2023\/01\/Winery-Achitettura-Header.jpg\",\"datePublished\":\"2021-07-22T03:04:51+00:00\",\"dateModified\":\"2023-02-08T11:59:04+00:00\",\"breadcrumb\":{\"@id\":\"https:\/\/www.nalsmargreid.com\/de\/kellerei\/weinarchitektur\/#breadcrumb\"},\"inLanguage\":\"de\",\"potentialAction\":[{\"@type\":\"ReadAction\",\"target\":[\"https:\/\/www.nalsmargreid.com\/de\/kellerei\/weinarchitektur\/\"]}]},{\"@type\":\"ImageObject\",\"inLanguage\":\"de\",\"@id\":\"https:\/\/www.nalsmargreid.com\/de\/kellerei\/weinarchitektur\/#primaryimage\",\"url\":\"https:\/\/www.nalsmargreid.com\/wp-content\/uploads\/2023\/01\/Winery-Achitettura-Header.jpg\",\"contentUrl\":\"https:\/\/www.nalsmargreid.com\/wp-content\/uploads\/2023\/01\/Winery-Achitettura-Header.jpg\",\"width\":1583,\"height\":1080},{\"@type\":\"BreadcrumbList\",\"@id\":\"https:\/\/www.nalsmargreid.com\/de\/kellerei\/weinarchitektur\/#breadcrumb\",\"itemListElement\":[{\"@type\":\"ListItem\",\"position\":1,\"name\":\"Startseite\",\"item\":\"https:\/\/www.nalsmargreid.com\/de\/\"},{\"@type\":\"ListItem\",\"position\":2,\"name\":\"Kellerei\",\"item\":\"https:\/\/www.nalsmargreid.com\/de\/kellerei\/\"},{\"@type\":\"ListItem\",\"position\":3,\"name\":\"Weinarchitektur\"}]},{\"@type\":\"WebSite\",\"@id\":\"https:\/\/www.nalsmargreid.com\/de\/#website\",\"url\":\"https:\/\/www.nalsmargreid.com\/de\/\",\"name\":\"Nals Margreid\",\"description\":\"\",\"potentialAction\":[{\"@type\":\"SearchAction\",\"target\":{\"@type\":\"EntryPoint\",\"urlTemplate\":\"https:\/\/www.nalsmargreid.com\/de\/?s={search_term_string}\"},\"query-input\":\"required name=search_term_string\"}],\"inLanguage\":\"de\"}]}<\/script>\n<!-- \/ Yoast SEO plugin. -->","yoast_head_json":{"title":"Weinarchitektur - Nals Margreid","robots":{"index":"index","follow":"follow","max-snippet":"max-snippet:-1","max-image-preview":"max-image-preview:large","max-video-preview":"max-video-preview:-1"},"canonical":"https:\/\/www.nalsmargreid.com\/de\/kellerei\/weinarchitektur\/","og_locale":"de_DE","og_type":"article","og_title":"Weinarchitektur - Nals Margreid","og_description":"Projektant: Architekt Markus Scherer, Meran Rotbraune Sichtbetonw\u00e4nde ragen bis zu neun Metern in den Himmel. Gro\u00df und m\u00e4chtig wie die Porphyr- Felsen im Hintergrund, denen die Farbe entlehnt wurde. Dazwischen der Barrique-Keller, \u00fcberspannt von einem gewaltigen, asymmetrisch gefalteten Dach. Damit nutzen wir nicht nur die Gravitation f\u00fcr die schonende Weinbereitung, sondern erz\u00e4hlen auch nach au\u00dfen [&hellip;]","og_url":"https:\/\/www.nalsmargreid.com\/de\/kellerei\/weinarchitektur\/","og_site_name":"Nals Margreid","article_modified_time":"2023-02-08T11:59:04+00:00","og_image":[{"width":1583,"height":1080,"url":"https:\/\/www.nalsmargreid.com\/wp-content\/uploads\/2023\/01\/Winery-Achitettura-Header.jpg","type":"image\/jpeg"}],"twitter_card":"summary_large_image","schema":{"@context":"https:\/\/schema.org","@graph":[{"@type":"WebPage","@id":"https:\/\/www.nalsmargreid.com\/de\/kellerei\/weinarchitektur\/","url":"https:\/\/www.nalsmargreid.com\/de\/kellerei\/weinarchitektur\/","name":"Weinarchitektur - Nals Margreid","isPartOf":{"@id":"https:\/\/www.nalsmargreid.com\/de\/#website"},"primaryImageOfPage":{"@id":"https:\/\/www.nalsmargreid.com\/de\/kellerei\/weinarchitektur\/#primaryimage"},"image":{"@id":"https:\/\/www.nalsmargreid.com\/de\/kellerei\/weinarchitektur\/#primaryimage"},"thumbnailUrl":"https:\/\/www.nalsmargreid.com\/wp-content\/uploads\/2023\/01\/Winery-Achitettura-Header.jpg","datePublished":"2021-07-22T03:04:51+00:00","dateModified":"2023-02-08T11:59:04+00:00","breadcrumb":{"@id":"https:\/\/www.nalsmargreid.com\/de\/kellerei\/weinarchitektur\/#breadcrumb"},"inLanguage":"de","potentialAction":[{"@type":"ReadAction","target":["https:\/\/www.nalsmargreid.com\/de\/kellerei\/weinarchitektur\/"]}]},{"@type":"ImageObject","inLanguage":"de","@id":"https:\/\/www.nalsmargreid.com\/de\/kellerei\/weinarchitektur\/#primaryimage","url":"https:\/\/www.nalsmargreid.com\/wp-content\/uploads\/2023\/01\/Winery-Achitettura-Header.jpg","contentUrl":"https:\/\/www.nalsmargreid.com\/wp-content\/uploads\/2023\/01\/Winery-Achitettura-Header.jpg","width":1583,"height":1080},{"@type":"BreadcrumbList","@id":"https:\/\/www.nalsmargreid.com\/de\/kellerei\/weinarchitektur\/#breadcrumb","itemListElement":[{"@type":"ListItem","position":1,"name":"Startseite","item":"https:\/\/www.nalsmargreid.com\/de\/"},{"@type":"ListItem","position":2,"name":"Kellerei","item":"https:\/\/www.nalsmargreid.com\/de\/kellerei\/"},{"@type":"ListItem","position":3,"name":"Weinarchitektur"}]},{"@type":"WebSite","@id":"https:\/\/www.nalsmargreid.com\/de\/#website","url":"https:\/\/www.nalsmargreid.com\/de\/","name":"Nals Margreid","description":"","potentialAction":[{"@type":"SearchAction","target":{"@type":"EntryPoint","urlTemplate":"https:\/\/www.nalsmargreid.com\/de\/?s={search_term_string}"},"query-input":"required name=search_term_string"}],"inLanguage":"de"}]}},"_links":{"self":[{"href":"https:\/\/www.nalsmargreid.com\/de\/wp-json\/wp\/v2\/pages\/2192","targetHints":{"allow":["GET"]}}],"collection":[{"href":"https:\/\/www.nalsmargreid.com\/de\/wp-json\/wp\/v2\/pages"}],"about":[{"href":"https:\/\/www.nalsmargreid.com\/de\/wp-json\/wp\/v2\/types\/page"}],"author":[{"embeddable":true,"href":"https:\/\/www.nalsmargreid.com\/de\/wp-json\/wp\/v2\/users\/1"}],"replies":[{"embeddable":true,"href":"https:\/\/www.nalsmargreid.com\/de\/wp-json\/wp\/v2\/comments?post=2192"}],"version-history":[{"count":12,"href":"https:\/\/www.nalsmargreid.com\/de\/wp-json\/wp\/v2\/pages\/2192\/revisions"}],"predecessor-version":[{"id":10241,"href":"https:\/\/www.nalsmargreid.com\/de\/wp-json\/wp\/v2\/pages\/2192\/revisions\/10241"}],"up":[{"embeddable":true,"href":"https:\/\/www.nalsmargreid.com\/de\/wp-json\/wp\/v2\/pages\/2198"}],"wp:featuredmedia":[{"embeddable":true,"href":"https:\/\/www.nalsmargreid.com\/de\/wp-json\/wp\/v2\/media\/9898"}],"wp:attachment":[{"href":"https:\/\/www.nalsmargreid.com\/de\/wp-json\/wp\/v2\/media?parent=2192"}],"curies":[{"name":"wp","href":"https:\/\/api.w.org\/{rel}","templated":true}]}}

<p><strong>Projektant:</strong> <strong><em>Architekt Markus Scherer, Meran</em></strong></p>



<p>Rotbraune Sichtbetonwände ragen bis zu neun Metern in den Himmel. Groß und mächtig wie die Porphyr- Felsen im Hintergrund, denen die Farbe entlehnt wurde. Dazwischen der Barrique-Keller, überspannt von einem gewaltigen, asymmetrisch gefalteten Dach. Damit nutzen wir nicht nur die Gravitation für die schonende Weinbereitung, sondern erzählen auch nach außen hin sichtbar Geschichten über die Eigenheiten unserer Weine und die Philosophie unserer Kellerei.</p>

<p>Projektant: Architekt Markus Scherer, Meran Rotbraune Sichtbetonwände ragen bis zu neun Metern in den Himmel. Groß und mächtig wie die Porphyr- Felsen im Hintergrund, denen die Farbe entlehnt wurde. Dazwischen der Barrique-Keller, überspannt von einem gewaltigen, asymmetrisch gefalteten Dach. Damit nutzen wir nicht nur die Gravitation für die schonende Weinbereitung, sondern erzählen auch nach außen [&hellip;]</p>

<!-- This site is optimized with the Yoast SEO plugin v23.1 - https://yoast.com/wordpress/plugins/seo/ -->
<title>Weinarchitektur - Nals Margreid</title>
<meta name="robots" content="index, follow, max-snippet:-1, max-image-preview:large, max-video-preview:-1" />
<link rel="canonical" href="https://www.nalsmargreid.com/de/kellerei/weinarchitektur/" />
<meta property="og:locale" content="de_DE" />
<meta property="og:type" content="article" />
<meta property="og:title" content="Weinarchitektur - Nals Margreid" />
<meta property="og:description" content="Projektant: Architekt Markus Scherer, Meran Rotbraune Sichtbetonwände ragen bis zu neun Metern in den Himmel. Groß und mächtig wie die Porphyr- Felsen im Hintergrund, denen die Farbe entlehnt wurde. Dazwischen der Barrique-Keller, überspannt von einem gewaltigen, asymmetrisch gefalteten Dach. Damit nutzen wir nicht nur die Gravitation für die schonende Weinbereitung, sondern erzählen auch nach außen [&hellip;]" />
<meta property="og:url" content="https://www.nalsmargreid.com/de/kellerei/weinarchitektur/" />
<meta property="og:site_name" content="Nals Margreid" />
<meta property="article:modified_time" content="2023-02-08T11:59:04+00:00" />
<meta property="og:image" content="https://www.nalsmargreid.com/wp-content/uploads/2023/01/Winery-Achitettura-Header.jpg" />
	<meta property="og:image:width" content="1583" />
	<meta property="og:image:height" content="1080" />
	<meta property="og:image:type" content="image/jpeg" />
<meta name="twitter:card" content="summary_large_image" />
<script type="application/ld+json" class="yoast-schema-graph">{"@context":"https://schema.org","@graph":[{"@type":"WebPage","@id":"https://www.nalsmargreid.com/de/kellerei/weinarchitektur/","url":"https://www.nalsmargreid.com/de/kellerei/weinarchitektur/","name":"Weinarchitektur - Nals Margreid","isPartOf":{"@id":"https://www.nalsmargreid.com/de/#website"},"primaryImageOfPage":{"@id":"https://www.nalsmargreid.com/de/kellerei/weinarchitektur/#primaryimage"},"image":{"@id":"https://www.nalsmargreid.com/de/kellerei/weinarchitektur/#primaryimage"},"thumbnailUrl":"https://www.nalsmargreid.com/wp-content/uploads/2023/01/Winery-Achitettura-Header.jpg","datePublished":"2021-07-22T03:04:51+00:00","dateModified":"2023-02-08T11:59:04+00:00","breadcrumb":{"@id":"https://www.nalsmargreid.com/de/kellerei/weinarchitektur/#breadcrumb"},"inLanguage":"de","potentialAction":[{"@type":"ReadAction","target":["https://www.nalsmargreid.com/de/kellerei/weinarchitektur/"]}]},{"@type":"ImageObject","inLanguage":"de","@id":"https://www.nalsmargreid.com/de/kellerei/weinarchitektur/#primaryimage","url":"https://www.nalsmargreid.com/wp-content/uploads/2023/01/Winery-Achitettura-Header.jpg","contentUrl":"https://www.nalsmargreid.com/wp-content/uploads/2023/01/Winery-Achitettura-Header.jpg","width":1583,"height":1080},{"@type":"BreadcrumbList","@id":"https://www.nalsmargreid.com/de/kellerei/weinarchitektur/#breadcrumb","itemListElement":[{"@type":"ListItem","position":1,"name":"Startseite","item":"https://www.nalsmargreid.com/de/"},{"@type":"ListItem","position":2,"name":"Kellerei","item":"https://www.nalsmargreid.com/de/kellerei/"},{"@type":"ListItem","position":3,"name":"Weinarchitektur"}]},{"@type":"WebSite","@id":"https://www.nalsmargreid.com/de/#website","url":"https://www.nalsmargreid.com/de/","name":"Nals Margreid","description":"","potentialAction":[{"@type":"SearchAction","target":{"@type":"EntryPoint","urlTemplate":"https://www.nalsmargreid.com/de/?s={search_term_string}"},"query-input":"required name=search_term_string"}],"inLanguage":"de"}]}</script>
<!-- / Yoast SEO plugin. -->

Projektant: Architekt Markus Scherer, Meran Rotbraune Sichtbetonwände ragen bis zu neun Metern in den Himmel. Groß und mächtig wie die Porphyr- Felsen im Hintergrund, denen die Farbe entlehnt wurde. Dazwischen der Barrique-Keller, überspannt von einem gewaltigen, asymmetrisch gefalteten Dach. Damit nutzen wir nicht nur die Gravitation für die schonende Weinbereitung, sondern erzählen auch nach außen [&hellip;]
