{"id":2169,"date":"2021-07-22T05:05:32","date_gmt":"2021-07-22T03:05:32","guid":{"rendered":"http:\/\/www2.nalsmargreid.com\/terroir\/"},"modified":"2025-04-17T07:37:58","modified_gmt":"2025-04-17T05:37:58","slug":"terroir","status":"publish","type":"page","link":"https:\/\/www.nalsmargreid.com\/de\/kellerei\/terroir\/","title":{"rendered":"Terroir"},"content":{"rendered":"\n<p><strong>Vielfalt von Grund auf.<\/strong><\/p>\n\n\n\n<p>Mit den verschiedenen Gebieten, zwischen zwei und zw\u00f6lf Hektar gro\u00df, von Nals im Etschtal bis nach Margreid im S\u00fcden S\u00fcdtirols haupts\u00e4chlich entlang des orographisch rechten Ufers der Etsch, sch\u00f6pfen wir aus einem Potential mit h\u00f6chst vielschichtigen Terroirs. Deren Charaktere sind die Grundlage f\u00fcr den Ausdruck unserer Weine. Wir beobachten und ergr\u00fcnden ihre Unterschiedlichkeit bis ins kleinste Detail. Wir ziehen R\u00fcckschl\u00fcsse, um die Symbiose von Klima, Boden und Bodenleben immer besser zu verstehen und um unsere Terroir-Sensibilit\u00e4t weiter zu schulen.<\/p>\n","protected":false},"excerpt":{"rendered":"<p>Vielfalt von Grund auf. Mit den verschiedenen Gebieten, zwischen zwei und zw\u00f6lf Hektar gro\u00df, von Nals im Etschtal bis nach Margreid im S\u00fcden S\u00fcdtirols haupts\u00e4chlich entlang des orographisch rechten Ufers der Etsch, sch\u00f6pfen wir aus einem Potential mit h\u00f6chst vielschichtigen Terroirs. Deren Charaktere sind die Grundlage f\u00fcr den Ausdruck unserer Weine. Wir beobachten und ergr\u00fcnden [&hellip;]<\/p>\n","protected":false},"author":1,"featured_media":3325,"parent":2198,"menu_order":0,"comment_status":"closed","ping_status":"closed","template":"template\/terroir.php","meta":{"_acf_changed":false,"footnotes":""},"class_list":["post-2169","page","type-page","status-publish","has-post-thumbnail","hentry"],"acf":[],"yoast_head":"<!-- This site is optimized with the Yoast SEO plugin v23.1 - https:\/\/yoast.com\/wordpress\/plugins\/seo\/ -->\n<title>Terroir - Nals Margreid<\/title>\n<meta name=\"robots\" content=\"index, follow, max-snippet:-1, max-image-preview:large, max-video-preview:-1\" \/>\n<link rel=\"canonical\" href=\"https:\/\/www.nalsmargreid.com\/de\/kellerei\/terroir\/\" \/>\n<meta property=\"og:locale\" content=\"de_DE\" \/>\n<meta property=\"og:type\" content=\"article\" \/>\n<meta property=\"og:title\" content=\"Terroir - Nals Margreid\" \/>\n<meta property=\"og:description\" content=\"Vielfalt von Grund auf. Mit den verschiedenen Gebieten, zwischen zwei und zw\u00f6lf Hektar gro\u00df, von Nals im Etschtal bis nach Margreid im S\u00fcden S\u00fcdtirols haupts\u00e4chlich entlang des orographisch rechten Ufers der Etsch, sch\u00f6pfen wir aus einem Potential mit h\u00f6chst vielschichtigen Terroirs. Deren Charaktere sind die Grundlage f\u00fcr den Ausdruck unserer Weine. Wir beobachten und ergr\u00fcnden [&hellip;]\" \/>\n<meta property=\"og:url\" content=\"https:\/\/www.nalsmargreid.com\/de\/kellerei\/terroir\/\" \/>\n<meta property=\"og:site_name\" content=\"Nals Margreid\" \/>\n<meta property=\"article:modified_time\" content=\"2025-04-17T05:37:58+00:00\" \/>\n<meta property=\"og:image\" content=\"https:\/\/www.nalsmargreid.com\/wp-content\/uploads\/2021\/09\/Terroir-Nals-margreid.jpg\" \/>\n\t<meta property=\"og:image:width\" content=\"1583\" \/>\n\t<meta property=\"og:image:height\" content=\"1080\" \/>\n\t<meta property=\"og:image:type\" content=\"image\/jpeg\" \/>\n<meta name=\"twitter:card\" content=\"summary_large_image\" \/>\n<meta name=\"twitter:label1\" content=\"Gesch\u00e4tzte Lesezeit\" \/>\n\t<meta name=\"twitter:data1\" content=\"1\u00a0Minute\" \/>\n<script type=\"application\/ld+json\" class=\"yoast-schema-graph\">{\"@context\":\"https:\/\/schema.org\",\"@graph\":[{\"@type\":\"WebPage\",\"@id\":\"https:\/\/www.nalsmargreid.com\/de\/kellerei\/terroir\/\",\"url\":\"https:\/\/www.nalsmargreid.com\/de\/kellerei\/terroir\/\",\"name\":\"Terroir - Nals Margreid\",\"isPartOf\":{\"@id\":\"https:\/\/www.nalsmargreid.com\/de\/#website\"},\"primaryImageOfPage\":{\"@id\":\"https:\/\/www.nalsmargreid.com\/de\/kellerei\/terroir\/#primaryimage\"},\"image\":{\"@id\":\"https:\/\/www.nalsmargreid.com\/de\/kellerei\/terroir\/#primaryimage\"},\"thumbnailUrl\":\"https:\/\/www.nalsmargreid.com\/wp-content\/uploads\/2021\/09\/Terroir-Nals-margreid.jpg\",\"datePublished\":\"2021-07-22T03:05:32+00:00\",\"dateModified\":\"2025-04-17T05:37:58+00:00\",\"breadcrumb\":{\"@id\":\"https:\/\/www.nalsmargreid.com\/de\/kellerei\/terroir\/#breadcrumb\"},\"inLanguage\":\"de\",\"potentialAction\":[{\"@type\":\"ReadAction\",\"target\":[\"https:\/\/www.nalsmargreid.com\/de\/kellerei\/terroir\/\"]}]},{\"@type\":\"ImageObject\",\"inLanguage\":\"de\",\"@id\":\"https:\/\/www.nalsmargreid.com\/de\/kellerei\/terroir\/#primaryimage\",\"url\":\"https:\/\/www.nalsmargreid.com\/wp-content\/uploads\/2021\/09\/Terroir-Nals-margreid.jpg\",\"contentUrl\":\"https:\/\/www.nalsmargreid.com\/wp-content\/uploads\/2021\/09\/Terroir-Nals-margreid.jpg\",\"width\":1583,\"height\":1080},{\"@type\":\"BreadcrumbList\",\"@id\":\"https:\/\/www.nalsmargreid.com\/de\/kellerei\/terroir\/#breadcrumb\",\"itemListElement\":[{\"@type\":\"ListItem\",\"position\":1,\"name\":\"Startseite\",\"item\":\"https:\/\/www.nalsmargreid.com\/de\/\"},{\"@type\":\"ListItem\",\"position\":2,\"name\":\"Kellerei\",\"item\":\"https:\/\/www.nalsmargreid.com\/de\/kellerei\/\"},{\"@type\":\"ListItem\",\"position\":3,\"name\":\"Terroir\"}]},{\"@type\":\"WebSite\",\"@id\":\"https:\/\/www.nalsmargreid.com\/de\/#website\",\"url\":\"https:\/\/www.nalsmargreid.com\/de\/\",\"name\":\"Nals Margreid\",\"description\":\"\",\"potentialAction\":[{\"@type\":\"SearchAction\",\"target\":{\"@type\":\"EntryPoint\",\"urlTemplate\":\"https:\/\/www.nalsmargreid.com\/de\/?s={search_term_string}\"},\"query-input\":\"required name=search_term_string\"}],\"inLanguage\":\"de\"}]}<\/script>\n<!-- \/ Yoast SEO plugin. -->","yoast_head_json":{"title":"Terroir - Nals Margreid","robots":{"index":"index","follow":"follow","max-snippet":"max-snippet:-1","max-image-preview":"max-image-preview:large","max-video-preview":"max-video-preview:-1"},"canonical":"https:\/\/www.nalsmargreid.com\/de\/kellerei\/terroir\/","og_locale":"de_DE","og_type":"article","og_title":"Terroir - Nals Margreid","og_description":"Vielfalt von Grund auf. Mit den verschiedenen Gebieten, zwischen zwei und zw\u00f6lf Hektar gro\u00df, von Nals im Etschtal bis nach Margreid im S\u00fcden S\u00fcdtirols haupts\u00e4chlich entlang des orographisch rechten Ufers der Etsch, sch\u00f6pfen wir aus einem Potential mit h\u00f6chst vielschichtigen Terroirs. Deren Charaktere sind die Grundlage f\u00fcr den Ausdruck unserer Weine. Wir beobachten und ergr\u00fcnden [&hellip;]","og_url":"https:\/\/www.nalsmargreid.com\/de\/kellerei\/terroir\/","og_site_name":"Nals Margreid","article_modified_time":"2025-04-17T05:37:58+00:00","og_image":[{"width":1583,"height":1080,"url":"https:\/\/www.nalsmargreid.com\/wp-content\/uploads\/2021\/09\/Terroir-Nals-margreid.jpg","type":"image\/jpeg"}],"twitter_card":"summary_large_image","twitter_misc":{"Gesch\u00e4tzte Lesezeit":"1\u00a0Minute"},"schema":{"@context":"https:\/\/schema.org","@graph":[{"@type":"WebPage","@id":"https:\/\/www.nalsmargreid.com\/de\/kellerei\/terroir\/","url":"https:\/\/www.nalsmargreid.com\/de\/kellerei\/terroir\/","name":"Terroir - Nals Margreid","isPartOf":{"@id":"https:\/\/www.nalsmargreid.com\/de\/#website"},"primaryImageOfPage":{"@id":"https:\/\/www.nalsmargreid.com\/de\/kellerei\/terroir\/#primaryimage"},"image":{"@id":"https:\/\/www.nalsmargreid.com\/de\/kellerei\/terroir\/#primaryimage"},"thumbnailUrl":"https:\/\/www.nalsmargreid.com\/wp-content\/uploads\/2021\/09\/Terroir-Nals-margreid.jpg","datePublished":"2021-07-22T03:05:32+00:00","dateModified":"2025-04-17T05:37:58+00:00","breadcrumb":{"@id":"https:\/\/www.nalsmargreid.com\/de\/kellerei\/terroir\/#breadcrumb"},"inLanguage":"de","potentialAction":[{"@type":"ReadAction","target":["https:\/\/www.nalsmargreid.com\/de\/kellerei\/terroir\/"]}]},{"@type":"ImageObject","inLanguage":"de","@id":"https:\/\/www.nalsmargreid.com\/de\/kellerei\/terroir\/#primaryimage","url":"https:\/\/www.nalsmargreid.com\/wp-content\/uploads\/2021\/09\/Terroir-Nals-margreid.jpg","contentUrl":"https:\/\/www.nalsmargreid.com\/wp-content\/uploads\/2021\/09\/Terroir-Nals-margreid.jpg","width":1583,"height":1080},{"@type":"BreadcrumbList","@id":"https:\/\/www.nalsmargreid.com\/de\/kellerei\/terroir\/#breadcrumb","itemListElement":[{"@type":"ListItem","position":1,"name":"Startseite","item":"https:\/\/www.nalsmargreid.com\/de\/"},{"@type":"ListItem","position":2,"name":"Kellerei","item":"https:\/\/www.nalsmargreid.com\/de\/kellerei\/"},{"@type":"ListItem","position":3,"name":"Terroir"}]},{"@type":"WebSite","@id":"https:\/\/www.nalsmargreid.com\/de\/#website","url":"https:\/\/www.nalsmargreid.com\/de\/","name":"Nals Margreid","description":"","potentialAction":[{"@type":"SearchAction","target":{"@type":"EntryPoint","urlTemplate":"https:\/\/www.nalsmargreid.com\/de\/?s={search_term_string}"},"query-input":"required name=search_term_string"}],"inLanguage":"de"}]}},"_links":{"self":[{"href":"https:\/\/www.nalsmargreid.com\/de\/wp-json\/wp\/v2\/pages\/2169","targetHints":{"allow":["GET"]}}],"collection":[{"href":"https:\/\/www.nalsmargreid.com\/de\/wp-json\/wp\/v2\/pages"}],"about":[{"href":"https:\/\/www.nalsmargreid.com\/de\/wp-json\/wp\/v2\/types\/page"}],"author":[{"embeddable":true,"href":"https:\/\/www.nalsmargreid.com\/de\/wp-json\/wp\/v2\/users\/1"}],"replies":[{"embeddable":true,"href":"https:\/\/www.nalsmargreid.com\/de\/wp-json\/wp\/v2\/comments?post=2169"}],"version-history":[{"count":10,"href":"https:\/\/www.nalsmargreid.com\/de\/wp-json\/wp\/v2\/pages\/2169\/revisions"}],"predecessor-version":[{"id":14948,"href":"https:\/\/www.nalsmargreid.com\/de\/wp-json\/wp\/v2\/pages\/2169\/revisions\/14948"}],"up":[{"embeddable":true,"href":"https:\/\/www.nalsmargreid.com\/de\/wp-json\/wp\/v2\/pages\/2198"}],"wp:featuredmedia":[{"embeddable":true,"href":"https:\/\/www.nalsmargreid.com\/de\/wp-json\/wp\/v2\/media\/3325"}],"wp:attachment":[{"href":"https:\/\/www.nalsmargreid.com\/de\/wp-json\/wp\/v2\/media?parent=2169"}],"curies":[{"name":"wp","href":"https:\/\/api.w.org\/{rel}","templated":true}]}}

<p><strong>Vielfalt von Grund auf.</strong></p>



<p>Mit den verschiedenen Gebieten, zwischen zwei und zwölf Hektar groß, von Nals im Etschtal bis nach Margreid im Süden Südtirols hauptsächlich entlang des orographisch rechten Ufers der Etsch, schöpfen wir aus einem Potential mit höchst vielschichtigen Terroirs. Deren Charaktere sind die Grundlage für den Ausdruck unserer Weine. Wir beobachten und ergründen ihre Unterschiedlichkeit bis ins kleinste Detail. Wir ziehen Rückschlüsse, um die Symbiose von Klima, Boden und Bodenleben immer besser zu verstehen und um unsere Terroir-Sensibilität weiter zu schulen.</p>

<p>Vielfalt von Grund auf. Mit den verschiedenen Gebieten, zwischen zwei und zwölf Hektar groß, von Nals im Etschtal bis nach Margreid im Süden Südtirols hauptsächlich entlang des orographisch rechten Ufers der Etsch, schöpfen wir aus einem Potential mit höchst vielschichtigen Terroirs. Deren Charaktere sind die Grundlage für den Ausdruck unserer Weine. Wir beobachten und ergründen [&hellip;]</p>

<!-- This site is optimized with the Yoast SEO plugin v23.1 - https://yoast.com/wordpress/plugins/seo/ -->
<title>Terroir - Nals Margreid</title>
<meta name="robots" content="index, follow, max-snippet:-1, max-image-preview:large, max-video-preview:-1" />
<link rel="canonical" href="https://www.nalsmargreid.com/de/kellerei/terroir/" />
<meta property="og:locale" content="de_DE" />
<meta property="og:type" content="article" />
<meta property="og:title" content="Terroir - Nals Margreid" />
<meta property="og:description" content="Vielfalt von Grund auf. Mit den verschiedenen Gebieten, zwischen zwei und zwölf Hektar groß, von Nals im Etschtal bis nach Margreid im Süden Südtirols hauptsächlich entlang des orographisch rechten Ufers der Etsch, schöpfen wir aus einem Potential mit höchst vielschichtigen Terroirs. Deren Charaktere sind die Grundlage für den Ausdruck unserer Weine. Wir beobachten und ergründen [&hellip;]" />
<meta property="og:url" content="https://www.nalsmargreid.com/de/kellerei/terroir/" />
<meta property="og:site_name" content="Nals Margreid" />
<meta property="article:modified_time" content="2025-04-17T05:37:58+00:00" />
<meta property="og:image" content="https://www.nalsmargreid.com/wp-content/uploads/2021/09/Terroir-Nals-margreid.jpg" />
	<meta property="og:image:width" content="1583" />
	<meta property="og:image:height" content="1080" />
	<meta property="og:image:type" content="image/jpeg" />
<meta name="twitter:card" content="summary_large_image" />
<meta name="twitter:label1" content="Geschätzte Lesezeit" />
	<meta name="twitter:data1" content="1 Minute" />
<script type="application/ld+json" class="yoast-schema-graph">{"@context":"https://schema.org","@graph":[{"@type":"WebPage","@id":"https://www.nalsmargreid.com/de/kellerei/terroir/","url":"https://www.nalsmargreid.com/de/kellerei/terroir/","name":"Terroir - Nals Margreid","isPartOf":{"@id":"https://www.nalsmargreid.com/de/#website"},"primaryImageOfPage":{"@id":"https://www.nalsmargreid.com/de/kellerei/terroir/#primaryimage"},"image":{"@id":"https://www.nalsmargreid.com/de/kellerei/terroir/#primaryimage"},"thumbnailUrl":"https://www.nalsmargreid.com/wp-content/uploads/2021/09/Terroir-Nals-margreid.jpg","datePublished":"2021-07-22T03:05:32+00:00","dateModified":"2025-04-17T05:37:58+00:00","breadcrumb":{"@id":"https://www.nalsmargreid.com/de/kellerei/terroir/#breadcrumb"},"inLanguage":"de","potentialAction":[{"@type":"ReadAction","target":["https://www.nalsmargreid.com/de/kellerei/terroir/"]}]},{"@type":"ImageObject","inLanguage":"de","@id":"https://www.nalsmargreid.com/de/kellerei/terroir/#primaryimage","url":"https://www.nalsmargreid.com/wp-content/uploads/2021/09/Terroir-Nals-margreid.jpg","contentUrl":"https://www.nalsmargreid.com/wp-content/uploads/2021/09/Terroir-Nals-margreid.jpg","width":1583,"height":1080},{"@type":"BreadcrumbList","@id":"https://www.nalsmargreid.com/de/kellerei/terroir/#breadcrumb","itemListElement":[{"@type":"ListItem","position":1,"name":"Startseite","item":"https://www.nalsmargreid.com/de/"},{"@type":"ListItem","position":2,"name":"Kellerei","item":"https://www.nalsmargreid.com/de/kellerei/"},{"@type":"ListItem","position":3,"name":"Terroir"}]},{"@type":"WebSite","@id":"https://www.nalsmargreid.com/de/#website","url":"https://www.nalsmargreid.com/de/","name":"Nals Margreid","description":"","potentialAction":[{"@type":"SearchAction","target":{"@type":"EntryPoint","urlTemplate":"https://www.nalsmargreid.com/de/?s={search_term_string}"},"query-input":"required name=search_term_string"}],"inLanguage":"de"}]}</script>
<!-- / Yoast SEO plugin. -->

Vielfalt von Grund auf. Mit den verschiedenen Gebieten, zwischen zwei und zwölf Hektar groß, von Nals im Etschtal bis nach Margreid im Süden Südtirols hauptsächlich entlang des orographisch rechten Ufers der Etsch, schöpfen wir aus einem Potential mit höchst vielschichtigen Terroirs. Deren Charaktere sind die Grundlage für den Ausdruck unserer Weine. Wir beobachten und ergründen [&hellip;]
